t is the greatest common divisor of 169 and 103181?
13
What is the greatest common divisor of 42 and 112742?
14
What is the greatest common factor of 900 and 4002?
6
What is the greatest common divisor of 1264 and 9796?
316
Calculate the greatest common divisor of 514324 and 213.
71
What is the greatest common divisor of 279032 and 104?
104
What is the highest common factor of 9 and 953487?
9
Calculate the greatest common divisor of 6201 and 624.
39
Calculate the greatest common factor of 1545 and 4035.
15
What is the greatest common factor of 687024 and 14040?
936
What is the greatest common divisor of 632035 and 95?
95
What is the greatest common factor of 182 and 2033122?
182
Calculate the highest common divisor of 375 and 181625.
125
Calculate the greatest common divisor of 14 and 16436.
14
Calculate the greatest common factor of 265811 and 23.
23
Calculate the greatest common divisor of 280 and 2440.
40
What is the greatest common factor of 10314 and 3056?
382
What is the greatest common factor of 16318 and 1312?
82
What is the greatest common factor of 4891 and 1022?
73
Calculate the greatest common divisor of 21731 and 341.
31
What is the greatest common divisor of 88 and 1710852?
44
What is the highest common factor of 2312 and 3400?
136
Calculate the highest common factor of 29791 and 62.
31
What is the greatest common divisor of 44627 and 1441?
11
What is the greatest common divisor of 1071 and 3843?
63
What is the greatest common divisor of 95 and 143697?
19
What is the greatest common divisor of 12209 and 20629?
421
Calculate the greatest common divisor of 99 and 485991.
99
What is the highest common factor of 90 and 3840?
30
What is the greatest common factor of 5508 and 8058?
102
What is the greatest common factor of 286 and 10648?
22
Calculate the greatest common divisor of 120843 and 20372.
463
What is the greatest common divisor of 57052 and 272?
68
What is the highest common divisor of 294 and 39718?
14
What is the greatest common divisor of 1324 and 198931?
331
Calculate the greatest common factor of 36 and 25900.
4
Calculate the highest common factor of 414751 and 166.
83
What is the highest common factor of 1722 and 173348?
574
Calculate the greatest common factor of 146470 and 30.
10
Calculate the greatest common factor of 33369 and 588.
147
What is the greatest common divisor of 189 and 637?
7
Calculate the greatest common factor of 145 and 535.
5
Calculate the highest common divisor of 14522 and 2192.
274
Calculate the highest common factor of 172076 and 4.
4
What is the greatest common factor of 61182 and 7425?
297
Calculate the highest common factor of 280 and 92470.
70
What is the highest common factor of 530817 and 3?
3
Calculate the highest common factor of 94 and 1630994.
94
What is the greatest common factor of 480000 and 250?
250
Calculate the highest common divisor of 12 and 103434.
6
What is the highest common divisor of 230496 and 1632?
96
What is the highest common factor of 71817 and 2220?
111
What is the greatest common factor of 62 and 1006?
2
Calculate the greatest common divisor of 1188 and 1917135.
297
Calculate the greatest common factor of 13 and 10907.
13
Calculate the highest common factor of 78 and 800059.
13
Calculate the greatest common factor of 5130 and 10545.
285
What is the highest common factor of 561 and 40494?
51
Calculate the greatest common divisor of 268338 and 8.
2
Calculate the highest common divisor of 75250 and 112.
14
Calculate the highest common divisor of 3248 and 22678.
58
Calculate the greatest common factor of 541187 and 542.
271
What is the greatest common factor of 598224 and 96?
48
What is the highest common factor of 4520 and 200?
40
What is the greatest common divisor of 2727 and 49692?
303
Calculate the highest common divisor of 421 and 2105.
421
What is the highest common divisor of 1269 and 127605?
141
What is the highest common factor of 102717 and 8475?
339
What is the greatest common divisor of 9836298 and 54?
18
What is the greatest common factor of 66 and 11803?
11
What is the highest common divisor of 6972 and 12180?
84
What is the greatest common divisor of 185494 and 489?
163
Calculate the greatest common divisor of 9702 and 16016.
154
What is the highest common factor of 1516 and 306611?
379
What is the highest common divisor of 754 and 442?
26
Calculate the highest common factor of 1175 and 17907.
47
Calculate the highest common divisor of 117 and 21944.
13
Calculate the highest common factor of 221 and 49793.
17
Calculate the highest common divisor of 88891 and 11.
11
Calculate the highest common divisor of 3332 and 761124.
476
Calculate the greatest common factor of 39474 and 50643.
153
What is the greatest common divisor of 588 and 9660?
84
What is the greatest common divisor of 31 and 76477?
31
What is the greatest common factor of 1440 and 37240?
40
What is the highest common factor of 1150272 and 64?
64
Calculate the highest common divisor of 36 and 19051056.
36
What is the highest common divisor of 20 and 3392540?
20
What is the greatest common factor of 3893 and 12366?
229
Calculate the highest common factor of 27030 and 1785.
255
What is the greatest common divisor of 922 and 73299?
461
Calculate the highest common factor of 157640 and 24.
8
Calculate the greatest common divisor of 46470 and 45.
15
What is the highest common divisor of 17001 and 18?
9
What is the greatest common divisor of 90358 and 2?
2
What is the highest common divisor of 69951 and 14?
7
What is the highest common factor of 4316 and 4108?
52
Calculate the greatest common divisor of 11088 and 1204.
28
What is the highest common factor of 351 and 141921?
117
What is the highest common divisor of 257630 and 10?
10
What is the highest common factor of 158 and 781468?
158
Calculate the greatest common factor of 27 and 351.
27
Calculate the greatest common factor of 1489682 and 267.
89
Calculate the greatest common divisor of 682 and 5270.
62
What is the greatest common divisor of 108 and 2081844?
36
What is the highest common factor of 106969 and 41?
41
Calculate the greatest common factor of 538 and 38467.
269
What is the highest common factor of 1645 and 10810?
235
What is the greatest common divisor of 693 and 2871?
99
Calculate the greatest common factor of 266585 and 407.
407
What is the highest common divisor of 57545 and 425?
85
What is the highest common factor of 395 and 9954?
79
Calculate the greatest common divisor of 300654 and 108.
18
What is the highest common divisor of 50447 and 71949?
827
What is the greatest common factor of 107825 and 57?
19
What is the highest common divisor of 350 and 848925?
175
Calculate the greatest common divisor of 480 and 23160.
120
Calculate the highest common divisor of 23702 and 154.
14
Calculate the greatest common factor of 135 and 42633.
27
What is the highest common divisor of 10 and 799660?
10
Calculate the highest common divisor of 289 and 3617413.
289
Calculate the greatest common factor of 6237 and 1059399.
891
Calculate the highest common factor of 475 and 8379.
19
Calculate the highest common divisor of 58 and 1884942.
58
Calculate the greatest common factor of 2464 and 95084.
44
Calculate the greatest common factor of 276111 and 99.
99
What is the highest common divisor of 1358905 and 1389?
463
What is the highest common factor of 46 and 390839?
23
Calculate the highest common divisor of 293227 and 23.
23
What is the greatest common factor of 112 and 11824?
16
What is the greatest common divisor of 588 and 450800?
196
Calculate the greatest common factor of 6 and 41853.
3
What is the greatest common divisor of 995 and 35?
5
Calculate the greatest common divisor of 2088 and 783.
261
What is the greatest common divisor of 2280 and 987810?
570
Calculate the highest common divisor of 241005 and 15.
15
Calculate the highest common factor of 12 and 996.
12
Calculate the greatest common divisor of 1310484 and 28.
28
What is the greatest common factor of 2695 and 129899?
539
What is the highest common divisor of 108 and 1188?
108
Calculate the greatest common divisor of 2337 and 3651173.
779
Calculate the greatest common factor of 208 and 61997.
13
Calculate the highest common divisor of 605 and 119185.
605
Calculate the greatest 